+ -1621?
-1231
In base 12, what is 104675 + -5?
104670
In base 14, what is c + c4d?
c5b
In base 9, what is -4538610 - 0?
-4538610
In base 4, what is -32212 - -12?
-32200
In base 16, what is -4 + -c7e7?
-c7eb
In base 11, what is 8646 + 7?
8652
In base 9, what is -1153338 - 7?
-1153346
In base 7, what is -26 + -31032?
-31061
In base 12, what is 3a73 + 6?
3a79
In base 6, what is 3 + -400524?
-400521
In base 7, what is -5 + -34021?
-34026
In base 9, what is 8 + -5650?
-5641
In base 8, what is -16 + -537246?
-537264
In base 7, what is 511 + 41216?
42030
In base 11, what is 4 + -6a447?
-6a443
In base 9, what is 623 - -6502?
7225
In base 8, what is 7163 - 463?
6500
In base 12, what is -5 + -3563?
-3568
In base 14, what is 30c92 + 8?
30c9a
In base 13, what is 0 + -b288?
-b288
In base 11, what is -21656 + 0?
-21656
In base 6, what is -4012401 - -5?
-4012352
In base 10, what is 1254 - -203?
1457
In base 4, what is -1 + -1302311?
-1302312
In base 16, what is -2f0 - 4?
-2f4
In base 12, what is 2b797b - 0?
2b797b
In base 12, what is -10 + 997?
987
In base 12, what is -1 + 844135?
844134
In base 10, what is -71925 - -5?
-71920
In base 15, what is 3 + b7c4a?
b7c4d
In base 11, what is 6227 + 5?
6231
In base 10, what is -57 + 1364?
1307
In base 6, what is 20 - 233210?
-233150
In base 4, what is 0 + 2000212?
2000212
In base 13, what is 3b7b - 5?
3b76
In base 6, what is 203 - 1024?
-421
In base 12, what is -150 + 891?
741
In base 9, what is 3 + -152165?
-152162
In base 8, what is -4 + -231706?
-231712
In base 13, what is 8 + -2c1?
-2b6
In base 4, what is 0 - 111101003?
-111101003
In base 9, what is -45 - -320?
264
In base 13, what is 5 + -56686?
-56681
In base 7, what is 564 - -1103?
2000
In base 2, what is 110010000001101 - -11011?
110010000101000
In base 9, what is 1524 - -1145?
2670
In base 15, what is 5 + -8728?
-8723
In base 11, what is 791 - -a0?
881
In base 15, what is -5 - 2668?
-266d
In base 16, what is -a9a9c + 6?
-a9a96
In base 14, what is -24c7b - 4?
-24c81
In base 5, what is 14042 + -33?
14004
In base 14, what is b - 244?
-237
In base 4, what is -10101221 + -2?
-10101223
In base 4, what is 120333 - 311?
120022
In base 11, what is -1 + -38a40?
-38a41
In base 14, what is -2 + c34a?
c348
In base 9, what is 7 + 251248?
251256
In base 9, what is 2 - 176456?
-176454
In base 7, what is 2133410 - 15?
2133362
In base 16, what is 1422 - 1?
1421
In base 3, what is 112112 + -122?
111220
In base 13, what is -17 - 3849?
-3863
In base 9, what is 1160576 + 4?
1160581
In base 10, what is -5 + -71781?
-71786
In base 10, what is -2918 - 8?
-2926
In base 4, what is -11 + 232013200?
232013123
In base 10, what is -1 + 149586?
149585
In base 9, what is -62071 + 1?
-62070
In base 7, what is -1 - -1201261?
1201260
In base 14, what is -24663 - 6?
-24669
In base 10, what is 2 + 49752?
49754
In base 12, what is b13 - -180?
1093
In base 16, what is 2 + 26fd?
26ff
In base 8, what is -1503 + -6674?
-10377
In base 14, what is -4 - -9508?
9504
In base 7, what is -56 + -4024?
-4113
In base 2, what is 110100001 + -10001000?
100011001
In base 10, what is 2 - -575?
577
In base 14, what is c7 - -25?
10c
In base 11, what is 3 - -1678?
1680
In base 5, what is -10 + -110221?
-110231
In base 16, what is -f5 - 7b?
-170
In base 5, what is -33 - -12320422?
12320334
In base 10, what is 4 - 16867?
-16863
In base 4, what is 10 + 232021212?
232021222
In base 9, what is -1 - 14661?
-14662
In base 9, what is -128447 - -4?
-128443
In base 3, what is 1012112 + 1002?
1020121
In base 3, what is -20 + -10022011101?
-10022011121
In base 6, what is 14123052 + 0?
14123052
In base 8, what is -16412 - 410?
-17022
In base 3, what is 0 - -2000021010?
2000021010
In base 10, what is -41 - -2814?
2773
In base 2, what is 1000 - -101011111111001100?
101011111111010100
In base 12, what is 7022 - 61?
6b81
In base 11, what is 15 + 2524?
2539
In base 4, what is 2 - -1121302?
1121310
In base 2, what is -1000001 + 100010100101111?
100010011101110
In base 3, what is 1 + -21002000?
-21001222
In base 12, what is -3552a - 3?
-35531
In base 2, what is 1010 + 11100101000?
11100110010
In base 2, what is 10010011111001 - -1101?
10010100000110
In base 13, what is 3 - 2449?
-2446
In base 9, what is 21 + -718?
-687
In base 8, what is 40 + -32716?
-32656
In base 13, what is 0 + 9aa9?
9aa9
In base 13, what is 4 - 185036?
-185032
In base 6, what is 11 - -4000455?
4000510
In base 8, what is 1 + 20223?
20224
In base 6, what is 3113500 - -12?
3113512
In base 9, what is 125 - 11?
114
In base 13, what is -16 + 4176?
4160
In base 14, what is 37290 + -5?
37289
In base 8, what is -620650 - -2?
-620646
In base 5, what is -2010301 + 2?
-2010244
In base 9, what is 2 - -61601?
61603
In base 9, what is 53 - -736?
800
In base 3, what is -1 + -100112201210?
-100112201211
In base 6, what is 0 - 2553103?
-2553103
In base 12, what is -22 - -699?
677
In base 14, what is 79 + -1b28?
-1a8d
In base 3, what is -10 + 1120110?
1120100
In base 5, what is -402433 - 31?
-403014
In base 10, what is -3682 + 13?
-3669
In base 16, what is -5b1 - a1d?
-fce
In base 14, what is -5 - -12655?
12650
In base 6, what is 33112420 + 3?
33112423
In base 7, what is -221 - 2205?
-2426
In base 7, what is 11545230 - 4?
11545223
In base 2, what is -10110111010 - 1001100?
-11000000110
In base 3, what is 21011112 + 0?
21011112
In base 2, what is -100 - 1011011111110100?
-1011011111111000
In base 14, what is 1 - -2168?
2169
In base 2, what is -111101110001100001 - -10?
-111101110001011111
In base 15, what is 5 + 276?
27b
In base 12, what is -56bb - -1?
-56ba
In base 6, what is 0 - 11243053?
-11243053
In base 11, what is 3a6 - -92?
488
In base 11, what is -7 + 16506?
164aa
In base 16, what is -1 + -1501b?
-1501c
In base 8, what is 544 + -16?
526
In base 2, what is 1011000 - 1011100111?
-1010001111
In base 3, what is -2012 + -1011222020?
-1012001102
In base 4, what is -1213123 + 1023?
-1212100
In base 8, what is -51 + 1011?
740
In base 2, what is 100 + 1000100100011000?
1000100100011100
In base 14, what is 20a584 - 3?
20a581
In base 6, what is -2 + -2045554?
-2050000
In base 7, what is -5 - -15143152?
15143144
In base 14, what is -14 + 183?
16d
In base 3, what is -10222101 + 200202?
-10021122
In base 4, what is 100111 - 1003?
33102
In base 15, what is -310 + -443?
-753
In base 11, what is 101 - -51?
152
In base 16, what is 4 + 204?
208
In base 16, what is 3 - 251e?
-251b
In base 9, what is 5 + 25830?
25835
In base 15, what is -b77 + 49?
-b2d
In base 14, what is 1b + 30c?
329
In base 5, what is -1110 - -44242?
43132
In base 8, what is -125626 + -4?
-125632
In base 10, what is -75 - 826?
-901
In base 16, what is -2 - -19fde?
19fdc
In base 16, what is -989 + -4?
-98d
In base 7, what is 3105 + 6?
3114
In base 13, what is 5420 + 47?
5467
In base 12, what is -10b - -a7?
-24
In base 16, what is -689 + -150?
-7d9
In base 10, what is 2 + -28578?
-28576
In base 13, what is -105 - a92?
-b97
In base 8, what is -112023 - -4?
-112017
In base 9, what is 37 - 638?
-601
In base 6, what is -110 + -3212454?
-3213004
In base 3, what is -100000110 - -100?
-100000010
In base 6, what is -53000523 - -3?
-53000520
In base 4, what is -322033123 - -2?
-322033121
In base 10, what is 4 + -14333?
-14329
In base 5, what is -4 + 11332031?
11332022
In base 12, what is -2268 + 42?
-2226
In base 3, what is -1 + -10101211022?
-10101211100
In base 8, what is -1143 - 1011?
-2154
In base 16, what is 5 + -1179e1?
-1179dc
In base 14, what is -45a - -c?
-44c
In base 9, what is 0 + 1061836?
1061836
In base 16, what is -10 + -43?
-53
In base 13, what is 144 - -4a2?
616
In base 15, what is -24 - -ce7?
cc3
In base 14, what is -b - -8b5?
8a8
In base 13, what is 513 - 73?
470
In base 11, what is 30a1 - 47?
3055
In base 14, what is -279d0 + 3?
-279cb
In base 5, what is 100 - -20112?
20212
In base 15, what is 34 - 136?
-102
In base 7, what is 3330 + -1553?
1444
In base 7, what is -25 + 12636?
12611
In base 11, what is 915 - -577?
1391
In base 13, what is 5 + -50c00?
-50bc8
In base 13, what is 3140 - -2?
3142
In base 4, what is -1000220 - 1033?
-1001313
In base 14, what is -b6 - -985?
8ad
In base 2, what is -10 - 1001101000111?
-1001101001001
In base 10, what is 2 - 170476?
-170474
In base 16, what is 32ffe - 3?
32ffb
In base 14, wh